). What is the units digit of (-1 + 3)*p + 2?
4
Let v be (-24)/10 + 4/10. Let b(i) = -9*i + 1. What is the units digit of b(v)?
9
Let z be 51/7 - (-2)/(-7). Suppose z*a + 13 = o + 2*a, 2*a = 2*o - 10. Suppose -5*w = o*n - 88, -4*n + w + 79 = -0*w. What is the tens digit of n?
2
Let j = -111 - -158. What is the units digit of j?
7
What is the units digit of (-3)/12 - 207/(-12)?
7
Let d be 2 + -3 + 3 + 5. Let f(i) = i**3 - 7*i**2. Let n be f(d). Suppose n*w + 3*w - q = 22, 0 = 4*w - 3*q - 31. What is the units digit of w?
7
Let h = 0 - -18. What is the tens digit of (h/(-4))/(12/(-32))?
1
Let i(f) = 3*f - 2. Let u be i(-5). Let p be u/2 + 1/(-2). Let m = -1 - p. What is the units digit of m?
8
Let n(w) = -4*w**3 - w**2. Let q be n(-1). What is the units digit of (q - 4)*-1 + 22?
3
What is the tens digit of ((-4)/6)/((-2)/591 + 0)?
9
Suppose t - 76 = -4*r, 2*r = 6*r + 4*t - 76. What is the units digit of r?
9
Let n(b) = 36*b**2 - b + 1. Let i be n(1). Let j(o) = o - 3. Let c be j(5). Suppose c*m = -m + i. What is the units digit of m?
2
Let o(s) = 3*s**2 + 3*s. Let y(z) = z**2 - z - 1. Let i(a) = -o(a) + 2*y(a). What is the units digit of i(-3)?
4
Suppose 9*p + 1021 = 5*s + 5*p, -4*s + 2*p + 818 = 0. What is the tens digit of s?
0
Let w = 5 - 2. Let j(a) = 74*a**2 - a. Let m be j(-1). Suppose 2*d - m = -w*d. What is the units digit of d?
5
Suppose -13 - 5 = -3*s. Let b(d) = d**2 - 8. Let l be b(s). Suppose 0 = -h + 3*h - l. What is the tens digit of h?
1
Let k(t) = t**2 + 11*t - 20. What is the units digit of k(-13)?
6
Let u(q) = -q + 1. Suppose 2*a + f + 7 = -3, 4*f = 8. What is the units digit of u(a)?
7
Let m(f) = -f**2 + 4*f - 4. Let v(l) = -l**2 + 7*l - 3. Let c be v(6). Let i be m(c). What is the units digit of 1 + 0/(1/i)?
1
Let h(c) be the third derivative of 1/24*c**4 + 0 - 1/3*c**3 + 0*c + c**2. What is the units digit of h(5)?
3
Let q = -57 - -147. What is the units digit of q?
0
What is the units digit of 1/(-4*1/(-56))?
4
Let l = 484 + -339. What is the hundreds digit of l?
1
Let l(q) = -q**3 + 7*q**2 + 1. Suppose j = -4*s + s + 10, 0 = s + 2*j. Suppose -s*d + 23 = -5. What is the units digit of l(d)?
1
Let n = -20 - -23. Suppose q + 0*x + 2*x = 28, 4*x = -n*q + 88. What is the units digit of q?
2
Let r(i) = 5*i**2 + i - 1. Let g be r(1). Suppose g*c + 24 = 3*s + 3, 5*s - c - 13 = 0. What is the units digit of s?
2
Let n = 17 - 29. What is the units digit of 3*4*n/(-16)?
9
Let c(i) = -i**3 - 5*i**2 + 2*i - 8. Let h = -15 + 9. What is the units digit of c(h)?
6
Let m(f) = f**3 + 3*f**2 - 2*f. Let x be m(-4). Let j(z) = z**3 + 9*z**2 + 3*z + 0*z**2 + 2 + 5*z. What is the units digit of j(x)?
2
Let c = 95 - 45. What is the units digit of c?
0
Suppose 5*z + 4*a = -45, -20 = 2*a + 2*a. Let v = z - 10. What is the units digit of ((-1)/(-3))/((-5)/v)?
1
Let n = -124 + 86. Let r be (-1 - -1) + (4 - n). Suppose -5*j = -3*a + r, -3*j + 2*j = -4*a + 39. What is the units digit of a?
9
Let n(i) = 10*i**3 - i**2. What is the units digit of n(1)?
9
Suppose -4*j + 40 = -20. Suppose -5*v = w - 14 - 11, 0 = -5*v + j. Let a = w + -7. What is the units digit of a?
3
Let f = 38 - -143. What is the tens digit of f?
8
Let l = 2 - 4. Let h = 15 + l. What is the units digit of h?
3
Suppose 2*r = 4*v - 252, -5*v + 301 = r - 0*r. Let x = 113 - v. What is the units digit of x?
2
Let u = 8 + -4. Let p = 9 + -6. Suppose -p*h = 5*i - 59, 5 = -i + h + u*h. What is the units digit of i?
0
Suppose 2*f + 675 = 6*f - t, -3*t = -2*f + 325. What is the hundreds digit of f?
1
Let l = -7 - -14. Let j = -5 + l. What is the units digit of j?
2
Let y(j) = j**2 + 2*j - 23. What is the units digit of y(10)?
7
Let i(n) = 17*n**3 - n**2 + n + 2. What is the units digit of i(2)?
6
What is the units digit of (2 + 0)/((-1354)/(-270) + -5)?
5
Let t(d) = d**3 + d**2 + d + 61. Let f be t(0). Suppose 2*i = 3*y + f, i - 48 = 5*y - 7. What is the units digit of i?
6
Let a be 34/(-6) + 2/3. Let q = -4 - a. What is the units digit of 0 - (q*-2 - 1)?
3
Let d be (0 + -1)/(3/9). Let l(i) = i**2 - i - 2. Let z be l(d). What is the units digit of 15/z*(-44)/(-6)?
1
Suppose 2*b - p - 31 = 35, 5*b = -4*p + 191. What is the tens digit of b?
3
Suppose -4*b + 8 = 4. What is the units digit of b?
1
Let j be 6*1/2*1. Suppose j + 1 = v. Suppose 2*y + 4*m = 1 + 5, 0 = -3*y - m + v. What is the units digit of y?
1
Suppose -4*h + 14 = 5*s - 11, s + 5*h = 5. What is the units digit of s?
5
Suppose -2*v - 2*v = 0. Suppose v = 6*t - 2*t + 20. Let j = t - -20. What is the units digit of j?
5
Let v = -49 + 363. What is the units digit of v?
4
Suppose -4*w + w = -6. Let n(a) = 2*a**2 + 3*a - 2. What is the tens digit of n(w)?
1
Let f be (-4)/(-6) - (-192)/9. Let p be (f - (-2)/2) + 2. Suppose -4*b + p = -11. What is the units digit of b?
9
Suppose -2*m + 8 = 2. Suppose m*k + k = 36. What is the units digit of k?
9
Let o = -61 - -100. What is the tens digit of o?
3
Let m = -28 + -16. What is the units digit of (-66)/(-8) + 11/m?
8
Let r(a) = -a**2 - 11*a + 11. What is the units digit of r(-9)?
9
Let t = 107 - 44. What is the tens digit of t?
6
Let s(l) = 3*l + 6. Let y be s(-3). What is the tens digit of (1 - y) + (30 - 7)?
2
Let j be 4/12 - (-116)/3. What is the tens digit of j*(-1 + (-4)/(-3))?
1
Suppose 0 = 2*i - i - 3. Suppose 4*k - i*k + 63 = 4*f, 4*f - 83 = -3*k. What is the tens digit of f?
1
Let v(j) = j**2 + 2*j + 1. Let t be v(-1). Suppose -a + 28 = -t*a. What is the tens digit of a?
2
Suppose 3*n = 2*n, 5*p - 4*n = 520. Suppose -46 = -5*l + p. Suppose m + 16 = 5*x - l, 0 = -x + m + 10. What is the units digit of x?
9
Suppose -b - 91 = -5*m, 4*m + 5*b - 96 = -0*m. Let c be m + -3*(-3)/9. Suppose u = -4*u + c. What is the units digit of u?
4
Let s(o) = -2*o - 1. Let m be s(-1). Let u = m + 0. Suppose 5*a - 41 + u = 0. What is the units digit of a?
8
Suppose 3*p - 152 - 190 = -5*x, x - 74 = 5*p. What is the units digit of x?
9
What is the units digit of (-2 + -3 - -3)*-1?
2
Suppose -4*m + 19 = x + 3, m + 5 = 2*x. Suppose -2 = p - 0, 2*p = -x*a + 248. Suppose 0*i + 3*i - s = a, -5*i = 2*s - 105. What is the units digit of i?
1
Let a(j) be the third derivative of j**6/120 + j**5/5 - j**4/24 + j**3/6 + 3*j**2. Suppose 2*z = -2*z - 48. What is the tens digit of a(z)?
1
Suppose -v + 4*l = -184, -3*v = v + l - 753. What is the tens digit of v?
8
Suppose 1557 = -4*w + 13*w. What is the hundreds digit of w?
1
Let i(k) = k**3 + 7*k**2 - 5*k + 4. What is the units digit of i(-7)?
9
Let c = -19 - -29. Let l = c - -3. What is the tens digit of l?
1
Suppose 5*x + 44 = x. Let s = x + 5. Let f(g) = g**3 + 7*g**2 + 5*g - 2. What is the units digit of f(s)?
4
Let g = 2 - 2. Suppose g = -4*j - 4, 4*i = 5*j + 6 + 27. What is the units digit of i?
7
Let l = 0 - 0. Suppose -4*x + 9 = -3*m - l*m, 2*m - 17 = -5*x. What is the units digit of x?
3
Let v = -6 + 10. Let m(z) = 2*z + 5. What is the tens digit of m(v)?
1
Let b(d) = -2*d**2 - 10*d - 6. Let v be b(-6). Let q = 31 + v. What is the tens digit of q?
1
Let h = 37 - -12. What is the tens digit of h?
4
Suppose 4*m = q - 216, -m = 4*q - 2*m - 939. What is the hundreds digit of q?
2
Suppose 3*x - 42 = -3*u + u, -2*x = 3*u - 68. What is the units digit of u?
4
Let m = 8 - 14. Let o be 2/m + (-2)/(-6). What is the units digit of -1 + (1 - -8) + o?
8
Suppose -4*w + 4 = -3*a, -5*a = -8*w + 3*w. Let f(x) = x**3 - 4*x**2 + 6*x - 4. What is the units digit of f(w)?
0
What is the tens digit of (-8)/(-24)*11*3?
1
Suppose 0 = b - 4*b + 123. What is the tens digit of b?
4
Let u = 200 + -95. Suppose 2*z - u = -z. What is the tens digit of z?
3
Let l be 1 - ((-2 - -2) + -7). What is the units digit of 1 + l + -5 + 4?
8
Let n = -4 + 9. Suppose -k - 4*z - 2 = 2, -4*z - 20 = 0. What is the units digit of (n/(-4))/((-2)/k)?
0
What is the units digit of 4 + (6 - (-2 + 5))?
7
Let g(i) = i**3 - 13*i**2 + 21*i - 5. What is the hundreds digit of g(12)?
1
Let n = -17 + 26. What is the tens digit of 195/(-10)*(-12)/n?
2
Let c(a) = -a**2 - 14*a - 13. Let h be c(-9). Suppose -200 + h = -4*v + 4*i, -i + 168 = 4*v. What is the tens digit of v?
4
Let b = 3 - 2. Let t = -13 + 19. What is the units digit of 2 - b - t/(-6)?
2
Let o(n) = -n + 24. What is the tens digit of o(-9)?
3
Let c(j) = -2*j**2 - 3